lculate the remainder when 15153334 is divided by 132.
130
What is the remainder when 50855 is divided by 11890?
3295
What is the remainder when 1031979 is divided by 4429?
22
What is the remainder when 7830107 is divided by 1565998?
117
What is the remainder when 47889854 is divided by 1012?
1002
What is the remainder when 2713678 is divided by 2890?
2858
Calculate the remainder when 145202 is divided by 2464.
2290
Calculate the remainder when 384461 is divided by 189.
35
What is the remainder when 1469785 is divided by 182?
135
What is the remainder when 48312054 is divided by 186?
42
Calculate the remainder when 3951236 is divided by 979.
971
Calculate the remainder when 24429017 is divided by 37.
26
What is the remainder when 49710177 is divided by 3030?
3027
Calculate the remainder when 342915 is divided by 1010.
525
Calculate the remainder when 44704087 is divided by 144.
7
Calculate the remainder when 724810 is divided by 2787.
190
What is the remainder when 4043175 is divided by 2195?
2180
Calculate the remainder when 71413066 is divided by 23804355.
1
Calculate the remainder when 1930900 is divided by 4972.
1764
Calculate the remainder when 82502837 is divided by 36538.
33
Calculate the remainder when 3810542 is divided by 330.
32
What is the remainder when 1923953 is divided by 157?
75
Calculate the remainder when 4300891 is divided by 1453.
11
What is the remainder when 2750965 is divided by 11048?
13
What is the remainder when 2164714 is divided by 80169?
151
What is the remainder when 34636319 is divided by 123?
11
What is the remainder when 71903994 is divided by 10?
4
Calculate the remainder when 3121842 is divided by 26.
22
Calculate the remainder when 1397381 is divided by 391.
338
Calculate the remainder when 275700 is divided by 1613.
1490
Calculate the remainder when 1246848 is divided by 6234.
48
Calculate the remainder when 204363 is divided by 841.
0
Calculate the remainder when 5306 is divided by 1634.
404
Calculate the remainder when 181939 is divided by 1341.
904
Calculate the remainder when 18764266 is divided by 48.
10
Calculate the remainder when 4039890 is divided by 232.
74
Calculate the remainder when 18270 is divided by 3499.
775
Calculate the remainder when 2755320 is divided by 125237.
106
Calculate the remainder when 64962 is divided by 1924.
1470
Calculate the remainder when 219955 is divided by 43985.
30
Calculate the remainder when 29985418 is divided by 1653.
1651
Calculate the remainder when 1236847 is divided by 9665.
9392
What is the remainder when 13475642 is divided by 426?
410
Calculate the remainder when 586445 is divided by 154.
13
What is the remainder when 421352 is divided by 2195?
2107
What is the remainder when 99443591 is divided by 853?
851
What is the remainder when 7609936 is divided by 25?
11
What is the remainder when 53516172 is divided by 17604?
12
What is the remainder when 37534904 is divided by 4?
0
Calculate the remainder when 61595 is divided by 622.
17
What is the remainder when 149349 is divided by 2050?
1749
Calculate the remainder when 731890 is divided by 3448.
914
Calculate the remainder when 47996 is divided by 47990.
6
What is the remainder when 2127548 is divided by 143?
137
Calculate the remainder when 215570 is divided by 243.
29
Calculate the remainder when 266492 is divided by 707.
660
What is the remainder when 2812674 is divided by 141?
6
Calculate the remainder when 37087 is divided by 18477.
133
What is the remainder when 28981141 is divided by 5353?
5352
Calculate the remainder when 7843234 is divided by 72.
58
Calculate the remainder when 50488942 is divided by 372.
358
What is the remainder when 2810212 is divided by 114?
112
Calculate the remainder when 705064 is divided by 9537.
8863
What is the remainder when 32137 is divided by 439?
90
Calculate the remainder when 1884997 is divided by 43.
6
Calculate the remainder when 5626427 is divided by 1878.
1817
What is the remainder when 5609384 is divided by 13?
1
Calculate the remainder when 515504 is divided by 792.
704
Calculate the remainder when 29545759 is divided by 32.
31
What is the remainder when 2801190 is divided by 1158?
1146
What is the remainder when 135440 is divided by 135427?
13
Calculate the remainder when 244906 is divided by 647.
340
What is the remainder when 110442 is divided by 54874?
694
Calculate the remainder when 11513445 is divided by 656.
645
Calculate the remainder when 4140713 is divided by 719.
711
What is the remainder when 324632843 is divided by 12?
11
What is the remainder when 50431125 is divided by 178?
165
What is the remainder when 163015541 is divided by 188?
177
Calculate the remainder when 395731 is divided by 11635.
141
Calculate the remainder when 527414 is divided by 87862.
242
Calculate the remainder when 470885 is divided by 180.
5
Calculate the remainder when 43226683 is divided by 32897.
25
What is the remainder when 93673489 is divided by 47?
45
What is the remainder when 57114 is divided by 13820?
1834
Calculate the remainder when 13761 is divided by 2597.
776
Calculate the remainder when 127872 is divided by 90.
72
Calculate the remainder when 198383189 is divided by 790.
759
What is the remainder when 1800597 is divided by 817?
746
What is the remainder when 51735 is divided by 8571?
309
Calculate the remainder when 70101 is divided by 13763.
1286
What is the remainder when 14132704 is divided by 1745?
1694
Calculate the remainder when 13944416 is divided by 820257.
47
Calculate the remainder when 3090997 is divided by 3733.
73
What is the remainder when 210832 is divided by 418?
160
Calculate the remainder when 135711 is divided by 19343.
310
Calculate the remainder when 188914 is divided by 6929.
1831
What is the remainder when 4875349 is divided by 462?
325
What is the remainder when 585105 is divided by 13931?
3
What is the remainder when 26908557 is divided by 62?
61
Calculate the remainder when 10356883 is divided by 2589154.
267
Calculate the remainder when 50819537 is divided by 94.
35
What is the remainder when 11705147 is divided by 567?
566
Calculate the remainder when 41259 is divided by 247.
10
Calculate the remainder when 28048067 is divided by 6965.
12
What is the remainder when 55317737 is divided by 95?
92
What is the remainder when 4902 is divided by 224?
198
Calculate the remainder when 55451 is divided by 4298.
3875
What is the remainder when 2897 is divided by 44?
37
What is the remainder when 777217 is divided by 2341?
5
Calculate the remainder when 1079131 is divided by 1733.
1205
What is the remainder when 249517872 is divided by 15?
12
What is the remainder when 14490658 is divided by 14637?
28
Calculate the remainder when 50037 is divided by 12272.
949
What is the remainder when 9533344 is divided by 1191667?
8
Calculate the remainder when 471023974 is divided by 3273.
3271
Calculate the remainder when 39055 is divided by 646.
295
Calculate the remainder when 6658408 is divided by 2870.
8
What is the remainder when 2205749 is divided by 3383?
33
What is the remainder when 164895 is divided by 342?
51
Calculate the remainder when 21871782 is divided by 5189.
147
What is the remainder when 7266 is divided by 1569?
990
Calculate the remainder when 138711 is divided by 169.
131
Calculate the remainder when 179318 is divided by 157.
24
Calculate the remainder when 17144603 is divided by 238119.
35
Calculate the remainder when 1052233 is divided by 263055.
13
Calculate the remainder when 18582693 is divided by 9.
6
What is the remainder when 8358643 is divided by 327?
196
What is the remainder when 3518328 is divided by 1510?
28
What is the remainder when 454293 is divided by 1181?
789
What is the remainder when 55072076 is divided by 136317?
8
What is the remainder when 7649671 is divided by 1795?
1176
What is the remainder when 7722154 is divided by 101?
98
What is the remainder when 5977931 is divided by 25223?
80
Calculate the remainder when 16222886 is divided by 68741.
10
Calculate the remainder when 18262 is divided by 3041.
16
Calculate the remainder when 143740812 is divided by 316.
312
Calculate the remainder when 70121708 is divided by 30.
8
Calculate the remainder when 43570358 is divided by 248.
230
What is the remainder 